 f(o) be the first derivative of -o**3/3 + 4*o**2 + o + 231. What is f(7)?
8
Let o(v) = v**2 - 6*v - 1. Suppose -2*j = -17 - 23. Let q be 4*(-2 - (-65)/j). Give o(q).
-6
Suppose -3*s - s = -4. Let f(j) = -21*j**2 + s - 4 + 22*j**2 - 7*j + 11*j. Give f(-5).
2
Let s(l) = -6*l + 11*l**3 + 6*l - 1 + 2*l**2 + 0*l**2. Let o be ((-3)/(-6))/((-1)/(-6)). Suppose 6 = o*q + 9. Determine s(q).
-10
Suppose -2*w - 16 = -4*f + 10, 70 = 5*f + 5*w. Let n = f - 7. Let z(a) = -n + 5*a - a**2 + 5*a - 5*a. Determine z(6).
-8
Let b(t) = 24*t - 11. Let y(s) = -36*s + 18. Let u(p) = -8*b(p) - 5*y(p). Give u(2).
-26
Let z(h) be the first derivative of h**4/4 - 4*h**3/3 - 5*h**2/2 - 2*h - 54. Let j be z(5). Let n(q) = 6*q**2 + 4*q + 2. Give n(j).
18
Let z(i) be the first derivative of -3*i**2/2 + 2*i + 4. Suppose -4 = -5*j + 16. Let x be j/(-14) + 30/7. Give z(x).
-10
Suppose -2*s - 30 + 11 = -3*b, -4*s - 2*b = 62. Let u = -16 - s. Let i be (18/(-4))/3*u. Let f(p) = p**3 - 5*p**2 + 4*p. What is f(i)?
-6
Let c = 45 + -43. Suppose -2 = -2*h - 2*q + 10, c*h + q - 8 = 0. Let r(d) = 3*d - 1. What is r(h)?
5
Let d(k) = k**2 - 3*k - 5. Let f(r) = r**3 - 6*r**2 + 4*r - 5. Let c be f(5). Let a be 40/12*(-15)/c. Calculate d(a).
5
Let q(z) = 11*z + 115. Let x be q(-10). Let l(y) = -y + 6. Calculate l(x).
1
Let t(r) be the second derivative of r**5/20 + r**4/3 + r**3/6 - 2*r**2 - r - 14. Give t(-4).
-8
Let o(v) = -v**3 - v**2 + 9*v + 4. Suppose -97*d = -52*d + 135. Calculate o(d).
-5
Suppose -4*q - k + 2*k + 6 = 0, -3*q + 9 = -3*k. Let u be 6 + (3 + 0 - q). Let j(d) = 0*d + d - u + d - d. Determine j(4).
-4
Suppose -w + 2 = -3*i, -3*i = -5*i. Let x(m) = 9*m + m**2 + 5 - 2 + 4 - w. What is x(-7)?
-9
Let u be (-14)/(-4) - 1/(-2). Suppose -5*m + 68 = -u*m. Let x(q) = q**3 - 3 - 68*q + 8*q**2 - 4*q**2 + m*q. What is x(-4)?
-3
Let l(f) be the second derivative of f**4/12 + f**3/2 - f**2/2 - 281*f. What is l(-2)?
-3
Let q(s) = -s + 6. Let d(b) = 2*b - 6. Let a be (6/(-5))/(3/(-10)). Let y be d(a). Suppose c + 9 + 13 = 5*x, -y*c - 14 = -4*x. Determine q(c).
3
Let r be 6/(-27) - 40/(-18). Let w be (-44)/(-10) - (-32)/(-80). Let b(j) = -4*j - 3*j + r*j - 1 + w*j. Determine b(3).
-4
Let o(j) = j**2 - 10*j - 6. Let y = -65 + 76. What is o(y)?
5
Let c(t) = t**3 + 5*t**2 - 5. Let d(z) = -4*z - 60. Let w be d(-16). Let x be (12/(-36))/(4/15)*w. Give c(x).
-5
Let v(a) be the third derivative of -a**4/12 + 5*a**3/3 - 58*a**2. Give v(0).
10
Let p(n) = 2*n**2 + n + 2. Suppose 234*o - 231*o + 6 = 0. Calculate p(o).
8
Suppose -3*u + 63 = -2*u - 2*d, -2*u + 2*d + 124 = 0. Let f = u + -43. Let w(y) = 5 + f*y - 7*y - 8*y. What is w(-4)?
-7
Let u(s) = -5*s + 5. Let a be ((-8)/12)/((5 + -1)/(-12)). Give u(a).
-5
Suppose -18 = -33*k + 48. Let m(q) = -q. Let l be m(-2). Let r(w) = -3*w**l + 1 - 6*w**2 - 3*w**k. Calculate r(-1).
-11
Let c(l) be the second derivative of l**3/6 + 3*l**2 + l. Suppose 0*w = -3*w + 2*f + 25, -3*f - 15 = 0. Let u(a) = -a - 1. Let g(h) = w*u(h) + c(h). Give g(-1).
5
Let q be 1/((7 + -4)/6). Let a(g) = 3*g**2 - 2*g**q + 6 - 9 + 0*g + 4*g. Determine a(-5).
2
Let p = -65 - -72. Let c(q) = 4*q**2 - 11*q + 4. Let x(f) = -7*f**2 + 22*f - 8. Let v(b) = 5*c(b) + 3*x(b). Give v(p).
24
Let l(i) = 4*i + 14. Suppose 3*a - 33 = 3*s, s + 27 = 3*a - 2. Let b(j) = 9*j - a*j - j. Let w(c) = 5*b(c) + l(c). Calculate w(6).
8
Let g(l) = -23*l + 34. Let y be g(1). Let p(h) = h**3 - 10*h**2 - 13*h - 6. Give p(y).
-28
Let x(g) be the third derivative of g**5/15 - g**4/24 + g**3/3 + 13*g**2. Let i be x(1). Let v(b) = b**2 - 5*b + 6. Give v(i).
6
Let w(u) be the first derivative of 1/2*u**2 + 1/60*u**5 + 0*u**4 - 6 - 1/6*u**3 + 0*u. Let c(a) be the second derivative of w(a). Calculate c(2).
3
Let a(f) = -6*f**2 + 3*f - 1. Let l(w) = -w**2 + w + 1. Let r(j) = -a(j) + 5*l(j). Let v be 2/2*4/(-1). Calculate r(v).
14
Let x(y) = 7 + 92*y**2 - 190*y**2 + 0*y - 17*y + 96*y**2. Determine x(-9).
-2
Let g(a) = -32*a**2 + a - 1. Suppose -v - f + 13 - 15 = 0, 0 = -3*v + f + 6. What is g(v)?
-32
Let d(o) = o**2 + 30*o - 62*o - 1 + 33*o. Let l(s) = s**2 + 7*s - 5. Let q be l(-8). Let i = q + -5. What is d(i)?
1
Let a(s) = -9*s**2 - 5*s**2 + 12*s**2 + 4*s - 3 - s**3 - 6*s**2 + 6. What is a(-8)?
-29
Let l(b) = b**3 + 8*b**2 - 5*b + 10. Suppose -5*j - 33 = 4*u, 51 = 3*j - 7*j + 5*u. Give l(j).
-26
Let z(b) = -2*b + 7. Suppose -f - 2*a = -23, f + 0*f + 4*a = 27. Let s = f - 14. Calculate z(s).
-3
Let y be (-1 - 3) + (-20)/((-24)/6). Let n(l) = -l**3 + l**2 - 2*l + 1. Give n(y).
-1
Let q(d) = -1 + d**2 + 28*d - 26*d + 2*d**3 - d**3. Give q(2).
15
Let t(o) = 3*o**2 + o. Let i(r) = -10*r**2 + 4*r + 1. Let b(d) = -i(d) - 3*t(d). What is b(5)?
-11
Let p(b) = b**3 + 7*b**2 + 6*b + 2. Let m(s) = 1. Let x(q) = -5*m(q) - p(q). Suppose 5*f - 5*l = 45, -4*f - 5*l + 3*l + 66 = 0. Let j = f + -20. Give x(j).
-7
Let b(f) = 6 - 27*f + 2 + 10*f + 0 - 5. What is b(-1)?
20
Let w(g) = -7*g**2 + 3*g**2 - 2*g**2 + 1. Suppose 3*p - 9 = -2*n, -4*n + 487 - 465 = 2*p. Give w(p).
-5
Let y(a) be the second derivative of 3*a - 1/12*a**4 + 1/720*a**6 + 0*a**3 + 0 + 1/30*a**5 + 0*a**2. Let k(x) be the third derivative of y(x). What is k(-4)?
0
Let z(l) = 5*l**2 + 15 + 0*l**3 - 10*l**2 + l**3 - 12. Determine z(5).
3
Let n(f) = 3*f + 1. Let l be n(1). Suppose 1 = -h + 3*m - 0*m, l*m = -h + 6. Let o(t) = 3*t**2 - 2*t + 3. Calculate o(h).
11
Suppose -3*t + 125 = 2*t. Suppose 0*b - 5*b = -t. Let f(q) = -q + 1. Let c(d) = -3*d + 4. Let v(a) = c(a) - f(a). Determine v(b).
-7
Suppose -4*t = 3*t. Suppose t = -3*f + f. Suppose f*h = 5*h + 25. Let c(d) = -d - 5. Determine c(h).
0
Let l(o) = 20*o + 5. Let b(j) = 34*j + 11. Let h(x) = 3*b(x) - 5*l(x). Give h(4).
16
Let f(c) = -16*c + 1 - c**2 + 3 + 6*c + 2*c. Let t be (-6)/(-3)*(-3)/2 + -6. Calculate f(t).
-5
Let i(b) = -2*b + 19. Let g(t) = -3*t + 29. Let s(w) = 5*g(w) - 7*i(w). What is s(6)?
6
Suppose -v = -4*g + v + 18, 0 = -5*g - 4*v + 42. Let p(d) = 3 - 3*d**3 - 4 - g*d**3 + d**3. What is p(1)?
-9
Let q(v) = 5*v**3 - 4*v**2 + 6. Let a(t) = 12*t**3 - 9*t**2 + t + 13. Let z(w) = 2*a(w) - 5*q(w). Give z(3).
-7
Let f(s) = -13*s**2 + 5*s + 14. Let a(v) = 16*v**2 - 6*v - 19. Let z(g) = 4*a(g) + 5*f(g). Give z(6).
-36
Let b(f) = -18 - 19*f + 7*f**2 - f**3 + 7*f**2 - 4*f**2 + 2*f**2. Give b(10).
-8
Let w(t) = 3*t**2 - t. Suppose -3*q - 2*q = -10. Let g = q + 0. Calculate w(g).
10
Let k be (-5 - -1)*(11 + (-1 - 9)). Let q(p) = -7*p + 1. What is q(k)?
29
Let j = -214 + 215. Let u(p) = 7*p**3 + 13*p**2 + p + 4. Let r(i) = 2*i**3 + 3*i**2 + 1. Let g(m) = 9*r(m) - 2*u(m). Determine g(j).
4
Let h(v) = 2*v**3 + v**2 + v + 2. Let b be h(-2). Let y be 0*(b/8)/3. Let s(a) = -1 + 6 - 2 + 3*a + y. Determine s(-2).
-3
Let v(j) be the first derivative of 4*j**2 + 6*j + 3018. Suppose -3*h + 1 - 13 = 0. What is v(h)?
-26
Let s(p) be the first derivative of -p**3/3 - 7*p**2/2 - 6*p - 1. Let q = 579 - 585. Calculate s(q).
0
Let n be (-5)/(-20) + 38/8. Let a(y) = y**2 - 16*y + 35. Let s be a(14). Suppose -n*f + 3 = -s. Let m(z) = -z**3 + 2*z - 2. Give m(f).
-6
Let y(j) = 4*j**2 + 18 + j**3 + 6 - 11*j + 8*j - 21. Calculate y(3).
57
Suppose -5*j = -0*j + 30. Let k be (0/2)/(j/(-3)). Suppose -3*x + 6 + 6 = k. Let y(b) = b**2 - 6*b + 6. Calculate y(x).
-2
Let d(t) = 3*t - 22. Let c be d(9). Let l(m) = -c + m**2 - 16*m + 9*m - m**3 + 6*m. What is l(0)?
-5
Let y(m) be the third derivative of -m**5/20 + m**4/24 + m**3/3 + 89*m**2. Determine y(-1).
-2
Let t(a) be the second derivative of -a**5/20 + 7*a**4/12 + 7*a**3/6 - 6*a**2 - 2*a + 25. Give t(8).
-20
Let i(z) be the third derivative of -z**4/12 - z**3/6 - 81*z**2. Suppose -1 = -2*p + h - 0, p = -h - 7. Let s be i(p). Let t(g) = -3*g + 1. Give t(s).
-8
Let b(g) = -g + 3. Let y be -15*1*(-20)/60. Let c be b(y). Let x(a) = a**3 - a**2 - a + 1. Calculate x(c).
-9
Let b = -1093 - -1094. Let x(q) = -27*q - 1. Calculate x(b).
-28
Let p(m) = -m**2 - 2*m. Let y(h) = h**3 - 3*h**2 - 10*h + 4. Let b be y(5). Let f = b - 0. Suppose -4*c - q - 8 = 0, 0 = f*q - 5*q. Determine p(c).
0
Let q(r) = 2*r - 17. Let s be q(11). Let b be s/(45/6)*114. Let l be b/16 + 1/4. Let n(d) = -d + 5. What is n(l)?
0
Let k(h) = 2 + h**3 - 5 - 3*h + 0 + 8 - 1. Calculate k(3).
22
Let a(v) be the third derivative of -v**5/